inder when d is divided by 8.
2
Suppose 3*m + m - 52 = 0. What is the remainder when 63 is divided by m?
11
Suppose 4*c - 9 = 7. Suppose c*b - 12 = b. Calculate the remainder when b is divided by (-2)/3 + (-22)/(-6).
1
Let p = 7 - -12. Suppose -p = -5*q + 11. What is the remainder when 23 is divided by q?
5
Let x be (-4)/(-6)*(-7 + 4). Let o be 0 - (x*1 + -1). What is the remainder when (1 + o)/((-1)/(-6)) is divided by 13?
11
Let o = 0 + 9. Suppose 5*r - 35 - 85 = 0. Suppose -r = -5*x + 1. Calculate the remainder when o is divided by x.
4
Let p(v) be the second derivative of -2*v**3/3 + v**2 + 2*v. Calculate the remainder when 34 is divided by p(-4).
16
Suppose -3*d = -6*d + 3*u + 3, -15 = -5*u. Calculate the remainder when d is divided by 1.
0
What is the remainder when 8*-25*(-6)/24 is divided by 26?
24
Let f = -38 - -94. What is the remainder when f is divided by 22?
12
Suppose 3 = 2*y + y. Let j = 8 - 2. What is the remainder when y/((-1)/(-17)) - 0 is divided by j?
5
Suppose -3*b = 4 + 5. Let y = b - -5. Let m(h) = 3*h**2 - 1. Calculate the remainder when y is divided by m(1).
0
Let f(v) = 110*v**3 - v**2 + 5*v - 5. What is the remainder when f(1) is divided by 14?
11
Let h(w) = 5*w + 85. What is the remainder when h(-12) is divided by 11?
3
Suppose j - 2*j + 8 = w, -4*w + 28 = 3*j. Calculate the remainder when 103 is divided by (w - -25 - -1) + -4.
25
Let r be 90/(-12)*(-16)/3. What is the remainder when (5/3)/(3/54) is divided by 24/5*r/12?
14
Suppose -49*d = -54*d + 75. What is the remainder when d is divided by 13?
2
Let l(y) = y**3 - 5*y**2 + 6*y - 19. What is the remainder when l(5) is divided by (-1)/1*1 + 6?
1
Calculate the remainder when 15 is divided by 4/6 + (-88)/(-12).
7
Suppose 0 = 3*k - 67 + 10. Calculate the remainder when k is divided by 4.
3
Let f(v) = 11*v - 15. Calculate the remainder when f(7) is divided by 32.
30
Suppose -6*c + 4 = -122. Calculate the remainder when c is divided by 6.
3
Suppose 4*b + 4 = -8. Let x(s) = -2*s**3 - 5*s**2 - 4*s - 2. Calculate the remainder when x(b) is divided by 10.
9
Let z = 5 + 1. Suppose 3*o + 96 = z*o. Suppose 4*a = -2*b + o, -3*b - a - 82 = -7*b. What is the remainder when 58 is divided by b?
18
Calculate the remainder when -5 - (5 - -440)/(-5) is divided by 44.
40
Let s(n) = -n**3 + n**2 + n. Calculate the remainder when 2 is divided by s(-1).
0
Let m(y) = y**3 - 8*y**2 + y - 4. Let p be m(6). Let k(z) = 55*z**3 - z**2 + z - 1. Calculate the remainder when k(1) is divided by 20/25*p/(-4).
12
Suppose 93 = 5*u - 3*y, 4*u - 5*y = 5*u - 41. What is the remainder when u is divided by 8?
5
Suppose 5*j - l - 39 = 3*l, 0 = -2*l + 8. Calculate the remainder when 20 is divided by j.
9
Let j = 231 - 149. Calculate the remainder when j is divided by 21.
19
Suppose 0 = f + 3*f - 12. Suppose 0*g = -f*g + 84. Let w = 33 + -18. What is the remainder when g is divided by w?
13
Let g(k) = -29*k - 154. Suppose 6*d - 2*d = 52. What is the remainder when g(-7) is divided by d?
10
Let q(d) = d**2 - d + 8. Let h = 22 + -12. What is the remainder when q(6) is divided by h?
8
Suppose -65 = 2*w - 7*w. What is the remainder when 37 is divided by w?
11
Suppose -2*u = 2*u - 68. Let q = u - 7. Suppose 5*v - 4*v - 4 = 0. Calculate the remainder when q is divided by v.
2
Suppose 200 = 2*l - 5*u, 5*l - 465 = -5*u - 0*u. Calculate the remainder when l is divided by 49.
46
Let r = 3 + 1. Suppose 7*b - 42 = r*b. What is the remainder when 53 is divided by b?
11
Let w = 14 - 1. Let c(y) = -y - 2. Let k be c(-8). Let v(u) = 5*u - 6. Calculate the remainder when v(k) is divided by w.
11
Suppose 0 = 3*x - 2*n - 35, 6*x - 2*n = 2*x + 50. What is the remainder when 57 is divided by x?
12
Let d = 11 - -2. Suppose 4*p + n - 4*n = 11, 0 = 5*p - 4*n - d. Suppose -p*a = -a - 16. Calculate the remainder when 6 is divided by a.
2
Let v be (-7)/(-14) - (-11)/(-2). Let x = 10 + v. Suppose x*y = 4*i + 29, -3*y + 3*i + 23 = y. What is the remainder when 9 is divided by y?
4
Suppose -q + 6 = v, 0 = -5*v + v + 4*q. Suppose -4*c + 20 = -v*c. Calculate the remainder when 78 is divided by c.
18
Let v = 2 - 2. What is the remainder when 2/((-2)/(-19) + v) is divided by (2 - -3)*(0 + 2)?
9
Calculate the remainder when 28 is divided by (-225)/10*10/(-15).
13
Suppose -4*s - 3*m = -809, 430 = 2*s - 4*m + 42. Suppose x = -x - s. Let i = 141 + x. What is the remainder when i is divided by 14?
13
Suppose -156 = 2*f - 5*f. Suppose 4*j - f = -0*j. Suppose 0*z = -2*z + 74. Calculate the remainder when z is divided by j.
11
Suppose p + r = 0, -p = -3*p - 5*r - 15. Suppose 3*s = -p*d + 52, 2*d + 2*s + 24 = 6*d. What is the remainder when 15 is divided by d?
7
Suppose 3*w + 6 = 4*t, -2*w + 8 + 2 = 2*t. Let s(u) = -u**3 + 10*u**2 + 4. Let d be s(10). Suppose 2*y = 10 + d. Calculate the remainder when y is divided by t.
1
Suppose 0 = 3*m + 2*m. Suppose m = -5*u + 3*u + 36. Let c = 21 + -11. Calculate the remainder when u is divided by c.
8
Let l(b) = -b - 1. Let a be l(-3). Suppose -a*v + 12 = 2*v. What is the remainder when v is divided by 2?
1
Suppose 4*i = 4*v, -3*v + 0*i - 8 = 5*i. Calculate the remainder when 2 - 8/2 - -8 is divided by (-8)/1*v/2.
2
Let p = 51 + -27. Let l = -21 - -34. What is the remainder when p is divided by l?
11
Calculate the remainder when (-6)/(-3) + 31 + 0 is divided by 17/(-1 + (-1 - -3)).
16
Calculate the remainder when 49 is divided by 1353/55 - 4/(-10).
24
Suppose 0*s = 4*s - 2*h - 54, 2 = -2*h. Calculate the remainder when s is divided by 5.
3
Let m(l) = -l - 2. Let j be m(-2). Suppose 0 = q - 6 - j. Calculate the remainder when 11 is divided by q.
5
Let i(k) = -k**3 - 6*k**2 - 2*k - 6. Let r be i(-7). Suppose 5*d = 78 + r. Calculate the remainder when d is divided by 7.
6
Suppose -3*o + 22 = -17. Suppose -3*b + r - 3 = -o, 5*r + 10 = -5*b. What is the remainder when 5 is divided by b?
1
Suppose -13*k + 7*k = -186. What is the remainder when k is divided by 8?
7
What is the remainder when 39 is divided by 22 - 4*4/16?
18
Let b(r) = r**3 + 3*r**2. Let h be b(-2). Let n = 50 - 15. What is the remainder when n is divided by 11 + -1 + -2 + h?
11
Suppose -213 - 117 = -10*b. What is the remainder when b is divided by 9?
6
Suppose 0 = 4*d - 6*d + 16. Let o(a) = a**3 + 5*a**2. Let b be o(-5). What is the remainder when (2 - b) + -1 + 30 is divided by d?
7
Suppose 2*z - 21 = -z. Let i = 35 - 25. Let w = 15 + i. What is the remainder when w is divided by z?
4
Let t = 57 - 48. Calculate the remainder when 25 is divided by t.
7
Let i = 7 - 6. What is the remainder when 1 is divided by i?
0
What is the remainder when 15/(-10)*(-1 + 2 - 15) is divided by 4?
1
Suppose 2*i - 66 = 2*c, 138 = 2*i + 2*i - c. What is the remainder when i is divided by (-3 + -24 + 1)/(-2)?
9
Let d = 59 - 39. Let v = d + -17. Calculate the remainder when 5 is divided by v.
2
Suppose 0 = 25*g - 35*g - 110. Let n(m) be the third derivative of m**4/24 + 3*m**3 - m**2. Calculate the remainder when 12 is divided by n(g).
5
Let q(y) = -12*y + 22. Let n = -2 - -11. Calculate the remainder when q(-1) is divided by n.
7
Let v(b) = b**3 - 2. Let f(u) = -u**2 - u. Let s be f(0). Let r be v(s). Let o = 0 - r. What is the remainder when o is divided by 2?
0
Let g(m) = m + 30. Calculate the remainder when g(-17) is divided by 8.
5
Let z = 24 + -18. Calculate the remainder when 329/z + 4/24 is divided by 19.
17
Suppose 215 = m + 36. Calculate the remainder when m is divided by 14.
11
Suppose 6 = -0*f - 3*f. Let b(i) = -8*i + 1. Calculate the remainder when 33 is divided by b(f).
16
Suppose -2*h = -6*h + 72. Suppose 2*w + 146 = 4*d - 130, d - 69 = w. What is the remainder when d is divided by h?
15
Suppose 5*x = x + 200. What is the remainder when x is divided by 15?
5
Suppose -5*p = -15, -r + 4*r = 2*p + 3. Suppose 0 = -5*f - 2*h + 53, 4*f - 5*h - 12 = 4. Calculate the remainder when 2/r*51 - 0 is divided by f.
7
Let o be (-2)/(-3) - 390/(-9). Suppose -8*q + o = -4*q. Let i = 1 - -3. What is the remainder when q is divided by i?
3
Let k = 21 - 8. What is the remainder when 11/33 - (-74)/3 is divided by k?
12
Suppose -h + 5*v = -22, 5*h - 3*v + 0*v = 0. Let u(b) = 5*b**3 - b - 2. What is the remainder when u(2) is divided by -3*(56/(-6) - h)?
17
Let c(l) = -l + 19. 